{"id":988,"date":"2020-05-10T14:13:10","date_gmt":"2020-05-10T12:13:10","guid":{"rendered":"https:\/\/quartierjeunes.be\/?page_id=988"},"modified":"2021-11-19T09:16:15","modified_gmt":"2021-11-19T08:16:15","slug":"historique-2","status":"publish","type":"page","link":"https:\/\/quartierjeunes.be\/index.php\/qui-sommes-nous\/historique-2\/","title":{"rendered":"Historique"},"content":{"rendered":"\t\t<div data-elementor-type=\"wp-page\" data-elementor-id=\"988\" class=\"elementor elementor-988\">\n\t\t\t\t\t\t\t\t\t<section class=\"elementor-section elementor-top-section elementor-element elementor-element-241e8d1e elementor-section-height-min-height elementor-section-boxed elementor-section-height-default elementor-section-items-middle\" data-id=\"241e8d1e\" data-element_type=\"section\" data-settings=\"{&quot;background_background&quot;:&quot;classic&quot;,&quot;shape_divider_bottom&quot;:&quot;arrow&quot;,&quot;shape_divider_bottom_negative&quot;:&quot;yes&quot;}\">\n\t\t\t\t\t\t\t<div class=\"elementor-background-overlay\"><\/div>\n\t\t\t\t\t\t<div class=\"elementor-shape elementor-shape-bottom\" data-negative=\"true\">\n\t\t\t<svg xmlns=\"http:\/\/www.w3.org\/2000\/svg\" viewBox=\"0 0 700 10\" preserveAspectRatio=\"none\">\n\t<path class=\"elementor-shape-fill\" d=\"M360 0L350 9.9 340 0 0 0 0 10 700 10 700 0\"\/>\n<\/svg>\t\t<\/div>\n\t\t\t\t\t<div class=\"elementor-container elementor-column-gap-default\">\n\t\t\t\t\t<div class=\"elementor-column elementor-col-100 elementor-top-column elementor-element elementor-element-60ed8b8d\" data-id=\"60ed8b8d\" data-element_type=\"column\">\n\t\t\t<div class=\"elementor-widget-wrap\">\n\t\t\t\t\t\t\t\t\t<\/div>\n\t\t<\/div>\n\t\t\t\t\t\t\t<\/div>\n\t\t<\/section>\n\t\t\t\t<section class=\"elementor-section elementor-top-section elementor-element elementor-element-42a424ab elementor-section-content-middle elementor-section-boxed elementor-section-height-default elementor-section-height-default\" data-id=\"42a424ab\" data-element_type=\"section\" data-settings=\"{&quot;background_background&quot;:&quot;classic&quot;}\">\n\t\t\t\t\t\t<div class=\"elementor-container elementor-column-gap-default\">\n\t\t\t\t\t<div class=\"elementor-column elementor-col-100 elementor-top-column elementor-element elementor-element-4c3020a2\" data-id=\"4c3020a2\" data-element_type=\"column\">\n\t\t\t<div class=\"elementor-widget-wrap elementor-element-populated\">\n\t\t\t\t\t\t\t\t<div class=\"elementor-element elementor-element-3b8fd0c elementor-widget elementor-widget-heading\" data-id=\"3b8fd0c\" data-element_type=\"widget\" data-widget_type=\"heading.default\">\n\t\t\t\t<div class=\"elementor-widget-container\">\n\t\t\t<h3 class=\"elementor-heading-title elementor-size-default\">Historique<\/h3>\t\t<\/div>\n\t\t\t\t<\/div>\n\t\t\t\t\t<\/div>\n\t\t<\/div>\n\t\t\t\t\t\t\t<\/div>\n\t\t<\/section>\n\t\t\t\t<section class=\"elementor-section elementor-top-section elementor-element elementor-element-4e3a5210 elementor-section-content-middle elementor-reverse-mobile elementor-section-boxed elementor-section-height-default elementor-section-height-default\" data-id=\"4e3a5210\" data-element_type=\"section\">\n\t\t\t\t\t\t<div class=\"elementor-container elementor-column-gap-default\">\n\t\t\t\t\t<div class=\"elementor-column elementor-col-100 elementor-top-column elementor-element elementor-element-1a72781f\" data-id=\"1a72781f\" data-element_type=\"column\">\n\t\t\t<div class=\"elementor-widget-wrap elementor-element-populated\">\n\t\t\t\t\t\t\t\t<div class=\"elementor-element elementor-element-540eed45 elementor-widget elementor-widget-heading\" data-id=\"540eed45\" data-element_type=\"widget\" data-widget_type=\"heading.default\">\n\t\t\t\t<div class=\"elementor-widget-container\">\n\t\t\t<h3 class=\"elementor-heading-title elementor-size-default\">Un projet en plein essor<\/h3>\t\t<\/div>\n\t\t\t\t<\/div>\n\t\t\t\t<div class=\"elementor-element elementor-element-12cd61c9 elementor-widget elementor-widget-text-editor\" data-id=\"12cd61c9\" data-element_type=\"widget\" data-widget_type=\"text-editor.default\">\n\t\t\t\t<div class=\"elementor-widget-container\">\n\t\t\t\t\t\t\t<p style=\"text-align: left;\">Comme beaucoup de projets, le QJ est le fruit d\u2019une rencontre entre deux personnes. Val\u00e9rie Watelet et Roxane Mahieu se rencontrent en 2015 alors qu\u2019elles travaillent toutes les deux comme professeures de secondaire \u00e0 Beauraing. Cependant, ce n\u2019est que durant l\u2019ann\u00e9e scolaire 2018-2019 qu\u2019elles font v\u00e9ritablement connaissance lorsque Val\u00e9rie f\u00e9d\u00e8re l\u2019ensemble des rh\u00e9tos dans un projet citoyen autour de la question du conflit, d\u2019ici et d\u2019ailleurs, et que Roxane lui donne un petit coup de main. Le d\u00e9but de quelque chose. Comme beaucoup de projets, le QJ est le fruit d\u2019une affinit\u00e9, entre des id\u00e9es, des originalit\u00e9s et des convictions. En apprenant \u00e0 se connaitre, Val\u00e9rie et Roxane se d\u00e9couvrent une vision commune de la jeunesse. Elles se d\u00e9couvrent des aspirations similaires pour eux, une m\u00eame envie de proposer des projets riches de sens, de les pousser \u00e0 \u00eatre ce qu\u2019ils sont et \u00e0 s\u2019exprimer. Elles voient en l\u2019autre cette m\u00eame envie, d\u2019\u00eatre cr\u00e9atives et de mettre cette cr\u00e9ativit\u00e9 au c\u0153ur d\u2019un nouveau projet.<\/p>\n<p><\/p>\n<p>Comme beaucoup de projets, le QJ est le fruit d\u2019incertitudes. De quoi sera fait demain ? Quel est mon r\u00f4le aupr\u00e8s des jeunes ? Puis-je r\u00e9pondre dans l\u2019enseignement \u00e0 ce que je pense \u00eatre leurs besoins et mes propres aspirations ? C\u2019est l\u00e0 qu\u2019apparaissent les \u00ab et si\u2026 \u00bb sous forme de boutades d\u2019abord, puis de mani\u00e8re de plus en plus s\u00e9rieuse. Et si on cr\u00e9ait quelque chose? Et s\u2019il existait un lieu r\u00e9pondant \u00e0 nos envies ? Et si on cr\u00e9ait ce lieu promouvant la culture, la citoyennet\u00e9, o\u00f9 les jeunes de la r\u00e9gion peuvent s\u2019exprimer par le biais d\u2019ateliers, d\u2019activit\u00e9s, d\u2019actions concr\u00e8tes ? Une fois la faisabilit\u00e9 du projet v\u00e9rifi\u00e9e, Val\u00e9rie et Roxane se tournent vers la population beaurinoise pour s\u2019assurer que leur projet r\u00e9pond bien \u00e0 leurs attentes. Le sondage qu\u2019elles effectuent en ce sens sur les r\u00e9seaux sociaux est re\u00e7u tr\u00e8s favorablement par la population. C\u2019est l\u00e0 que les premiers jeunes entrent dans la danse. Tous sont d\u2019avis qu\u2019\u00e0 Beauraing, pour les jeunes, il n\u2019y a rien. Les plus motiv\u00e9s prennent une place dans la conception du projet et dans la suite logique, dans le conseil d\u2019administration.<\/p>\n<p><\/p>\n<p>Comme beaucoup de projets, le QJ est le fruit de beaucoup de travail. Lorsque les id\u00e9es et l\u2019envie sont l\u00e0, reste \u00e0 se retrousser les manches et penser concr\u00e8tement \u00e0 la mise en \u0153uvre. Tout s\u2019est alors rapidement mis en place, avec le soutien de la commune qui fournira au QJ ses locaux. Le Quartier jeunes ouvre ses portes en septembre 2019 et l\u2019assembl\u00e9e constitutive se d\u00e9roule le 18 octobre 2019. A l&rsquo;\u00e9poque, les accueils s\u2019ouvrent \u00e0 raison de 12h\/semaine et sont rapidement propos\u00e9s des ateliers et activit\u00e9s ponctuelles, souvent en collaboration avec les organismes socioculturels de la r\u00e9gion beaurinoise&nbsp;qui deviennent des partenaires: la Biblioth\u00e8que communale, le centre culturel de Beauraing, l\u2019accueil extra-scolaires \u00ab&nbsp;La petite vadrouille&nbsp;\u00bb et le centre Fedasil.&nbsp; Au fur et \u00e0 mesure que les mois passent, le local, au d\u00e9part pratiquement vide, prend vie gr\u00e2ce aux dons de la population et de quelques entreprises. Le Quartier jeunes devient un endroit convivial disposant de coins salon, d\u2019un coin lecture et BD, d\u2019un billard, de jeux et de tables, en m\u00eame temps qu\u2019il commence \u00e0 compter ses premiers habitu\u00e9s et de nouveaux membres. Le 9 mars&nbsp;2020 sont publi\u00e9s les statuts de l\u2019ASBL, officialisant l\u2019existence de ce beau projet en marche.<\/p>\n<p>Comme beaucoup de projets, le QJ a connu des temps moins prosp\u00e8res. Mars 2020, comme toute la Belgique et la plupart du monde, le covid a mis en couveuse notre existence. Le confinement a contraint \u00e0 limiter nos relations humaines aux relations virtuelles. Avril et mai ont \u00e9t\u00e9 mis \u00e0 profit pour cr\u00e9er une webradio avec quelques jeunes. Le mois de juin a \u00e9t\u00e9 enti\u00e8rement d\u00e9di\u00e9 \u00e0 l&rsquo;\u00e9criture de notre demande d&rsquo;agr\u00e9ment. Juillet &#8211; ao\u00fbt, nous proposons 4 stages et renouons le contact avec notre public. La fermeture courant du mois de novembre a permis \u00e0 la commune de r\u00e9aliser la mise en conformit\u00e9 de nos locaux. Et ce ne sont pas de petits travaux qui sont entrepris : \u00e9lectricit\u00e9, chauffage, espace, tout y passe. D\u00e9but avril, c&rsquo;est le grand nettoyage, la directrice est tr\u00e8s vite rejointe par des anciens et de nouveaux jeunes franchissent la porte. C&rsquo;est donc avec les jeunes que le QJ reprend vie et que les locaux retrouvent leur convivialit\u00e9 des d\u00e9buts. Mai et juin, l&rsquo;accueil se d\u00e9veloppe de mani\u00e8re exponentielle, les b\u00e9n\u00e9voles permettent aux premiers ateliers de recommencer: Street Art, Dessin et Manga, Ecriture et Webradio. Mais le principal du temps est consacr\u00e9 \u00e0 la rencontre avec ces jeunes qui \u00e9taient l\u00e0, demandeurs de rien, si ce n&rsquo;est d&rsquo;un lieu o\u00f9 vivre heureux et ensemble. Le QJ a alors appris qu&rsquo;il allait \u00eatre subsidi\u00e9. Alors de l\u00e0, une \u00e9quipe s&rsquo;est constitu\u00e9e. En concertation avec les jeunes lors de nombreux conseils de participation, un cadre de vie a \u00e9t\u00e9 d\u00e9fini. Notre charte a \u00e9t\u00e9 rediscut\u00e9e. De nombreuses situations psycho-sociales, nous ont amen\u00e9 \u00e0 diversifier nos partenariats. Face \u00e0 la n\u00e9cessit\u00e9 d&rsquo;un travail de r\u00e9duction des risques qui passait par de l&rsquo;information, nous avons d\u00e9but\u00e9 une collaboration avec le CIDJ de Rochefort, l&rsquo;Autre Sens de Beauraing, le Service de Sant\u00e9 Mentale de Beauraing et DinAmo. Ces \u00e9quipes sont venues d\u00e8s la fin mai pour r\u00e9pondre aux questions et demandes des jeunes. Juillet et ao\u00fbt, l&rsquo;accueil est r\u00e9duit \u00e0 2 heures\/jour. De nombreux stages ont \u00e9t\u00e9 organis\u00e9s de 9h \u00e0 16h. Un documentaire sur la maison des jeunes et son stage cabane a \u00e9t\u00e9 tourn\u00e9 lors d&rsquo;un stage vid\u00e9o co-anim\u00e9 avec le CIDJ. Un stage orientation pens\u00e9 avec le CIDJ et anim\u00e9 par le QJ a permis aux jeunes pr\u00e9sents de r\u00e9fl\u00e9chir \u00e0 leur projet de vie.&nbsp; Des stages ont \u00e9t\u00e9 annul\u00e9s faute de participants et\/ou lors de la fermeture demand\u00e9e par la commune pour les aider \u00e0 enrayer les difficult\u00e9s rencontr\u00e9es aux ext\u00e9rieurs du QJ lors de nos heures de fermeture. Apr\u00e8s cette pause, un stage fitness, un stage d&rsquo;animation, un stage artistique ont compl\u00e9t\u00e9 le programme de l&rsquo;\u00e9t\u00e9. Tout cela a \u00e9t\u00e9 rendu possible par l&rsquo;engagement et le d\u00e9vouement de nos nombreux b\u00e9n\u00e9voles. Avec le mois de septembre, le retour massif des jeunes qui n&rsquo;\u00e9taient plus venus pendant les vacances souvent par manque de transports en commun. Tr\u00e8s vite, les activit\u00e9s du QJ se sont tourn\u00e9es vers l&rsquo;organisation du \u00ab\u00a027.09, Passe \u00e0 le maison\u00a0\u00bb, notre grande journ\u00e9e de f\u00eate, la journ\u00e9e Portes ouvertes. Ce fut l&rsquo;occasion pour certains des jeunes qui fr\u00e9quentent le QJ, de s&rsquo;investir et de mettre \u00e0 profit leur cr\u00e9ativit\u00e9, leurs talents. L&rsquo;\u00e9v\u00e9nement du 27 septembre, s&rsquo;il n&rsquo;a pas eu le succ\u00e8s escompt\u00e9, a permis la rencontre de quelques voisins, de parents, de politiques locaux, de coll\u00e8gues et de citoyens qui partagent les m\u00eames valeurs que nous en mati\u00e8re de d\u00e9veloppement durable et de citoyennet\u00e9 mondiale. Il a permis \u00e0 nos nombreux jeunes pr\u00e9sents de :<\/p>\n<p>&#8211; s&rsquo;exprimer sur une sc\u00e8ne ouverte, gr\u00e2ce \u00e0 Funny Track<\/p>\n<p>&#8211; servir un petit d\u00e9jeuner Oxfam,<\/p>\n<p>&#8211; faire visiter une exposition,<\/p>\n<p>&#8211; tenir un bar \u00e9thique (Bi\u00e8res de la Brasserie de la Lesse et soft d&rsquo;Oxfam) ou un stand avec des produits locaux ( Fromages de vache de la Ferme Ma Campagne, Fromages de ch\u00e8vre des Demoiselles de Famenne,&nbsp; L\u00e9gumes des Jardins d&rsquo;Ame-Hour)<\/p>\n<p>&#8211; s&rsquo;essayer aux d\u00e9monstrations de nos ateliers<\/p>\n<p>&#8211; voir une pi\u00e8ce de Th\u00e9\u00e2tre<\/p>\n<p>&#8211; s&rsquo;amuser de mani\u00e8re responsable.<\/p>\n<p>A peine remis de ces \u00e9motions, que le mois d&rsquo;octobre est d\u00e9j\u00e0 l\u00e0. Nos activit\u00e9s se sont focalis\u00e9es sur la venue du mus\u00e9e du capitalisme et les activit\u00e9s connexes. Fin octobre et d\u00e9but novembre, les ateliers sont tourn\u00e9s vers les Droits des jeunes. L&rsquo;organisation de la f\u00eate \u00ab\u00a0En avant\u00a0\u00bb du 20 novembre pour la f\u00eate des Droits de l&rsquo;Enfant et du jeune mobilise tous les membres.<\/p>\n<p><\/p>\t\t\t\t\t\t<\/div>\n\t\t\t\t<\/div>\n\t\t\t\t\t<\/div>\n\t\t<\/div>\n\t\t\t\t\t\t\t<\/div>\n\t\t<\/section>\n\t\t\t\t<section class=\"elementor-section elementor-top-section elementor-element elementor-element-5f7ba478 elementor-section-boxed elementor-section-height-default elementor-section-height-default\" data-id=\"5f7ba478\" data-element_type=\"section\" data-settings=\"{&quot;background_background&quot;:&quot;gradient&quot;,&quot;shape_divider_bottom&quot;:&quot;arrow&quot;,&quot;shape_divider_bottom_negative&quot;:&quot;yes&quot;}\">\n\t\t\t\t\t<div class=\"elementor-shape elementor-shape-bottom\" data-negative=\"true\">\n\t\t\t<svg xmlns=\"http:\/\/www.w3.org\/2000\/svg\" viewBox=\"0 0 700 10\" preserveAspectRatio=\"none\">\n\t<path class=\"elementor-shape-fill\" d=\"M360 0L350 9.9 340 0 0 0 0 10 700 10 700 0\"\/>\n<\/svg>\t\t<\/div>\n\t\t\t\t\t<div class=\"elementor-container elementor-column-gap-default\">\n\t\t\t\t\t<div class=\"elementor-column elementor-col-100 elementor-top-column elementor-element elementor-element-694c71a\" data-id=\"694c71a\" data-element_type=\"column\">\n\t\t\t<div class=\"elementor-widget-wrap\">\n\t\t\t\t\t\t\t\t\t<\/div>\n\t\t<\/div>\n\t\t\t\t\t\t\t<\/div>\n\t\t<\/section>\n\t\t\t\t<section class=\"elementor-section elementor-top-section elementor-element elementor-element-89c3c73 elementor-section-content-middle elementor-section-boxed elementor-section-height-default elementor-section-height-default\" data-id=\"89c3c73\" data-element_type=\"section\" data-settings=\"{&quot;background_background&quot;:&quot;classic&quot;}\">\n\t\t\t\t\t\t<div class=\"elementor-container elementor-column-gap-default\">\n\t\t\t\t\t<div class=\"elementor-column elementor-col-100 elementor-top-column elementor-element elementor-element-a753107\" data-id=\"a753107\" data-element_type=\"column\">\n\t\t\t<div class=\"elementor-widget-wrap elementor-element-populated\">\n\t\t\t\t\t\t\t\t<section class=\"elementor-section elementor-inner-section elementor-element elementor-element-f258d36 elementor-section-boxed elementor-section-height-default elementor-section-height-default\" data-id=\"f258d36\" data-element_type=\"section\">\n\t\t\t\t\t\t<div class=\"elementor-container elementor-column-gap-default\">\n\t\t\t\t\t<div class=\"elementor-column elementor-col-33 elementor-inner-column elementor-element elementor-element-07bb3de\" data-id=\"07bb3de\" data-element_type=\"column\">\n\t\t\t<div class=\"elementor-widget-wrap elementor-element-populated\">\n\t\t\t\t\t\t\t\t<div class=\"elementor-element elementor-element-4bd87a8 elementor-widget elementor-widget-text-editor\" data-id=\"4bd87a8\" data-element_type=\"widget\" data-widget_type=\"text-editor.default\">\n\t\t\t\t<div class=\"elementor-widget-container\">\n\t\t\t\t\t\t\t<p>By Quartier Jeunes asbl &#8211; novembre 2021<\/p><p>\u00a0<\/p>\t\t\t\t\t\t<\/div>\n\t\t\t\t<\/div>\n\t\t\t\t\t<\/div>\n\t\t<\/div>\n\t\t\t\t<div class=\"elementor-column elementor-col-33 elementor-inner-column elementor-element elementor-element-36f5f13\" data-id=\"36f5f13\" data-element_type=\"column\">\n\t\t\t<div class=\"elementor-widget-wrap elementor-element-populated\">\n\t\t\t\t\t\t\t\t<div class=\"elementor-element elementor-element-2bf4d69 elementor-shape-rounded elementor-grid-0 e-grid-align-center elementor-widget elementor-widget-social-icons\" data-id=\"2bf4d69\" data-element_type=\"widget\" data-widget_type=\"social-icons.default\">\n\t\t\t\t<div class=\"elementor-widget-container\">\n\t\t\t\t\t<div class=\"elementor-social-icons-wrapper elementor-grid\">\n\t\t\t\t\t\t\t<span class=\"elementor-grid-item\">\n\t\t\t\t\t<a class=\"elementor-icon elementor-social-icon elementor-social-icon-facebook elementor-repeater-item-58498b5\" href=\"https:\/\/www.facebook.com\/QuartierjeunesBeauraing\" target=\"_blank\">\n\t\t\t\t\t\t<span class=\"elementor-screen-only\">Facebook<\/span>\n\t\t\t\t\t\t<i class=\"fab fa-facebook\"><\/i>\t\t\t\t\t<\/a>\n\t\t\t\t<\/span>\n\t\t\t\t\t\t\t<span class=\"elementor-grid-item\">\n\t\t\t\t\t<a class=\"elementor-icon elementor-social-icon elementor-social-icon-instagram elementor-repeater-item-17128ba\" href=\"https:\/\/www.instagram.com\/quartier_jeunes_beauraing\/?hl=fr\" target=\"_blank\">\n\t\t\t\t\t\t<span class=\"elementor-screen-only\">Instagram<\/span>\n\t\t\t\t\t\t<i class=\"fab fa-instagram\"><\/i>\t\t\t\t\t<\/a>\n\t\t\t\t<\/span>\n\t\t\t\t\t<\/div>\n\t\t\t\t<\/div>\n\t\t\t\t<\/div>\n\t\t\t\t\t<\/div>\n\t\t<\/div>\n\t\t\t\t<div class=\"elementor-column elementor-col-33 elementor-inner-column elementor-element elementor-element-7cc9910\" data-id=\"7cc9910\" data-element_type=\"column\">\n\t\t\t<div class=\"elementor-widget-wrap elementor-element-populated\">\n\t\t\t\t\t\t\t\t<div class=\"elementor-element elementor-element-fdd8a4a elementor-align-center elementor-widget elementor-widget-button\" data-id=\"fdd8a4a\" data-element_type=\"widget\" data-widget_type=\"button.default\">\n\t\t\t\t<div class=\"elementor-widget-container\">\n\t\t\t\t\t<div class=\"elementor-button-wrapper\">\n\t\t\t<a class=\"elementor-button elementor-button-link elementor-size-sm\" href=\"https:\/\/quartierjeunes.be\/index.php\/politique-de-confidentialite\/\">\n\t\t\t\t\t\t<span class=\"elementor-button-content-wrapper\">\n\t\t\t\t\t\t<span class=\"elementor-button-text\">RDPG<\/span>\n\t\t<\/span>\n\t\t\t\t\t<\/a>\n\t\t<\/div>\n\t\t\t\t<\/div>\n\t\t\t\t<\/div>\n\t\t\t\t\t<\/div>\n\t\t<\/div>\n\t\t\t\t\t\t\t<\/div>\n\t\t<\/section>\n\t\t\t\t\t<\/div>\n\t\t<\/div>\n\t\t\t\t\t\t\t<\/div>\n\t\t<\/section>\n\t\t\t\t\t\t\t<\/div>\n\t\t","protected":false},"excerpt":{"rendered":"<p>Historique Un projet en plein essor Comme beaucoup de projets, le QJ est le fruit d\u2019une rencontre entre deux personnes. Val\u00e9rie Watelet et Roxane Mahieu se rencontrent en 2015 alors qu\u2019elles travaillent toutes les deux comme professeures de secondaire \u00e0 Beauraing. Cependant, ce n\u2019est que durant l\u2019ann\u00e9e scolaire 2018-2019 qu\u2019elles font v\u00e9ritablement connaissance lorsque Val\u00e9rie [&hellip;]<\/p>\n","protected":false},"author":1,"featured_media":0,"parent":282,"menu_order":0,"comment_status":"closed","ping_status":"closed","template":"template-parts\/template-homepage.php","meta":{"footnotes":""},"_links":{"self":[{"href":"https:\/\/quartierjeunes.be\/index.php\/wp-json\/wp\/v2\/pages\/988"}],"collection":[{"href":"https:\/\/quartierjeunes.be\/index.php\/wp-json\/wp\/v2\/pages"}],"about":[{"href":"https:\/\/quartierjeunes.be\/index.php\/wp-json\/wp\/v2\/types\/page"}],"author":[{"embeddable":true,"href":"https:\/\/quartierjeunes.be\/index.php\/wp-json\/wp\/v2\/users\/1"}],"replies":[{"embeddable":true,"href":"https:\/\/quartierjeunes.be\/index.php\/wp-json\/wp\/v2\/comments?post=988"}],"version-history":[{"count":55,"href":"https:\/\/quartierjeunes.be\/index.php\/wp-json\/wp\/v2\/pages\/988\/revisions"}],"predecessor-version":[{"id":1362,"href":"https:\/\/quartierjeunes.be\/index.php\/wp-json\/wp\/v2\/pages\/988\/revisions\/1362"}],"up":[{"embeddable":true,"href":"https:\/\/quartierjeunes.be\/index.php\/wp-json\/wp\/v2\/pages\/282"}],"wp:attachment":[{"href":"https:\/\/quartierjeunes.be\/index.php\/wp-json\/wp\/v2\/media?parent=988"}],"curies":[{"name":"wp","href":"https:\/\/api.w.org\/{rel}","templated":true}]}}